*m - 8. What are the prime factors of p(h)?
2, 41
Let u = 15 - 23. Let d be (-2)/u*4*2. Let s = d + 34. What are the prime factors of s?
2, 3
Let k(r) = 23*r**2 + 51*r - 28. What are the prime factors of k(-12)?
2, 167
Let f(u) be the second derivative of -19*u**3/6 + 10*u**2 + 11*u. Let n be f(-10). Suppose -4*t = -t - n. What are the prime factors of t?
2, 5, 7
Suppose 31*f + 39*f - 233800 = 0. List the prime factors of f.
2, 5, 167
Suppose 3*o - 2*o + 66 = 3*k, -5*o = 5*k - 90. Let d = k - 109. Let f = d - -124. List the prime factors of f.
2, 3
Let o(n) = n**3 + 4*n**2 - 15*n + 11. What are the prime factors of o(6)?
281
Suppose 0 = -3*p - 4*f + 34, -5*f - 40 = -5*p + 5. Let r(s) = -6 - 3 - 10*s + p. List the prime factors of r(-3).
31
Suppose 0 = -3*m + 447 - 147. Suppose 0 = -w + 3*z + m, 2*w - z - 180 = z. List the prime factors of w.
5, 17
Let o be 0/(16/(-24)*6/4). What are the prime factors of 4*14 + o/9?
2, 7
Let a(q) = q**3 - 15*q**2 - q + 18. Let u be a(15). Suppose o + u = -m, 5*o - 2*o + 9 = m. Suppose m = 5*z - 2*z - 33. What are the prime factors of z?
11
Let o(y) = -y + 1. Let w be o(-5). Let k(u) = -9 + w + 9*u + 0*u. List the prime factors of k(4).
3, 11
Suppose 0 = -m - 3*m + 5*m. Suppose m = -2*g + 14 + 190. List the prime factors of g.
2, 3, 17
Suppose 5*p + 3*x - 24 - 3 = 0, 4*p - 5*x + 8 = 0. Suppose p*r - 5 = 10. Suppose r*j - 342 = -j. List the prime factors of j.
3, 19
Let b(o) be the first derivative of 3*o**2 - 28*o - 2. List the prime factors of b(8).
2, 5
Let s be 12/(-18)*45/(-2). Suppose -3*i - s = -6*i. Suppose -20 = -2*r - 3*r, -i*n + 5*r = -130. What are the prime factors of n?
2, 3, 5
Let g(a) = 122*a**2 + 4*a - 2. Let u be g(-2). Suppose -u - 498 = -4*q. What are the prime factors of q?
2, 61
Let p = -392 + 175. List the prime factors of p/(-4) + 1 + (-15)/12.
2, 3
Suppose -5*a + 3*a - 60 = 4*y, 4*a + 140 = -3*y. Let w = a - -121. What are the prime factors of w?
83
Suppose -5*w + 47 + 53 = 0. Let i be 3/(1/116*6/1). Let u = i - w. List the prime factors of u.
2, 19
Suppose -4*q = -0*q. Suppose 3*r - 2*r - 48 = q. Suppose p - r = -p. List the prime factors of p.
2, 3
Let v(p) = -44*p. Let g be v(-5). Suppose 0 = -2*h - 2*h - g. Let x = -25 - h. List the prime factors of x.
2, 3, 5
Suppose 7*j - 2204 - 1779 = 0. List the prime factors of j.
569
Let h be (-4)/(-2) + -2 + 1 + 4. Suppose -h*m + 378 = 4*p, m + 4*m = -p + 387. List the prime factors of m.
2, 3, 13
Suppose 2*w - 62 = 4*w. Suppose 4*p - 27 = -5*f + 279, 5*f = 2*p - 138. Let t = p + w. List the prime factors of t.
43
Let i(o) = -o**3 + 7*o**2 + 10*o - 2. Let a be -2*(2 + (-6)/2). Suppose 7*z = a*z + 40. List the prime factors of i(z).
2, 7
Let r(i) = 14 + 24 - 25 + 12*i**2 + 4*i + 4*i**2. What are the prime factors of r(-3)?
5, 29
Let v(c) = -792*c**3 - c**2 + 3*c + 5. What are the prime factors of v(-1)?
13, 61
Let g be (-39)/(6/(-16)*2). Let j be 9/5*(-875)/(-15). Let w = j - g. List the prime factors of w.
53
Let p be (-90)/(-6)*5/3. Suppose l = p + 50. Let c = l + -53. What are the prime factors of c?
2, 11
Suppose 1496 = -6*n + 10508. What are the prime factors of n?
2, 751
Suppose 0 = c - 52 - 33. Suppose 2*x = -3*x + c. List the prime factors of x.
17
Let t(c) = -c**2 + 9*c**2 + c**3 + 0*c**2 - 7*c + 9 - 2*c. List the prime factors of t(-7).
11
Let v(b) = 32*b**2 - b + 33. What are the prime factors of v(6)?
3, 131
Let w = -36 - -231. Suppose -4*f + 3*k - 2*k + 17 = 0, 4*f + 4*k = 32. Suppose f*m + 0*m = w. What are the prime factors of m?
3, 13
Let m(r) = -r**2 - 7*r - 1. Let d be m(-6). Suppose -x = -d*x + 428. What are the prime factors of x?
107
What are the prime factors of ((-30)/(-6) + 338)*2?
2, 7
Let q(u) = -582*u**3 + u**2 - u. Let n be q(-1). Suppose -2*j - 6*j + n = 0. What are the prime factors of j?
73
Suppose i - 14 = 5*m, -m = i - 0*i - 2. Suppose i + 14 = 2*z. Suppose p - 106 = -4*b, -4*p + z = -5*b + 131. What are the prime factors of b?
2, 13
Suppose 2*t - 2 = 4*u, -19 = -3*u + u - 3*t. Let k be (-5)/(-5) - u/(-2). Suppose -k*d = -0*d - 46. List the prime factors of d.
23
Let a = 611 - -3. What are the prime factors of a?
2, 307
Let m(g) = g**3 - 11*g**2 - 9*g - 16. Let q be m(12). Let p be 32/(-8) + (0 - q). What are the prime factors of (-89)/(-3) + p/36?
29
Let q(s) = 3*s - 9. Let y be q(6). Suppose y + 6 = 5*i. Suppose 4*a = -8, -4*n - 5*a = -i*a - 12. What are the prime factors of n?
2
Let x be 5*3*2/(-3). List the prime factors of 4/(-2)*235/x.
47
List the prime factors of 1/(-3)*39/(-26)*2986.
1493
Let v = 15 - 30. Suppose 0 = o + 4 + 1, -869 = -2*j - o. What are the prime factors of j/15 + 2/v?
29
What are the prime factors of (8/(-8) - 2)/(2/(-262))?
3, 131
Suppose 19*s = 17*s + 4. Suppose 10 = -z + 4*y, 4*z + 2*y = -s*y + 20. Suppose -i = -5*i + z*f + 16, 4*i + 3*f - 16 = 0. List the prime factors of i.
2
Let c be 2*(-3)/6 + 4. Suppose 2*w + 25 - 82 = -c*q, 4*q - 58 = -2*w. What are the prime factors of w?
3
Suppose 4*b - 3186 = -2*m, 3*m + 6 = -3. List the prime factors of b.
2, 3, 7, 19
Let n(z) = -z - 2. Let a be n(-3). Let s be (-1 - -5) + (-2)/a. Suppose 0*h = s*h - 56. What are the prime factors of h?
2, 7
Suppose -7*h = -h. Suppose h = 2*f - 1 - 3. Suppose 0 = f*j - 10*j + 136. List the prime factors of j.
17
Suppose -3*h + 3 = 4*u, -2 = -4*u - 0*u - 2*h. Suppose 3*b = -b + f + 487, -b - 4*f + 109 = u. Let k = b + -57. List the prime factors of k.
2
Let q(d) = d**2 - 6*d + 2. Let j be q(6). Suppose 53 = j*m - 123. List the prime factors of m.
2, 11
Let x(d) = -5*d - 13. Let g be x(-4). Suppose -g*f + 11*f = 20. Suppose f*j + 2*h - h - 331 = 0, -h + 1 = 0. List the prime factors of j.
2, 3, 11
Suppose 4 = 3*y + 2*x, -x = 2 + 2. Suppose -y*i - 2*f + 129 = -3*f, 5*f + 165 = 5*i. List the prime factors of i.
2
Suppose -2*l + 694 = 2*h - h, -4*l = -3*h - 1368. What are the prime factors of l?
3, 5, 23
Let a = 3 + 1. Suppose x + 5*r = -20, -a*x + 9 = r - 6. Suppose -x*c + 0*c + 120 = 0. What are the prime factors of c?
2, 3
Suppose 11*c - 6548 = 12438. What are the prime factors of c?
2, 863
Suppose -10*z + 120 = -15*z. Let f(m) = -2*m - 30. What are the prime factors of f(z)?
2, 3
Let j(z) = -9*z**3 - 3*z**2 + 5*z - 2. Let g be j(5). List the prime factors of 1*-1*g/11.
107
Suppose -r - 315*l + 1649 = -311*l, 5*r + 4*l - 8213 = 0. List the prime factors of r.
3, 547
What are the prime factors of (4 - -368)/1*1?
2, 3, 31
Suppose 8*v - 4340 = 1100. What are the prime factors of v?
2, 5, 17
List the prime factors of (0 - -2)*(-5566)/(-44).
11, 23
Let o(y) = y**3 + 13*y**2 + 5*y - 9. Let n be o(-5). Let w = n - -10. List the prime factors of w.
2, 11
Suppose -5*h = -2*h. Let g(s) = 27 - 4 + 38 - 76*s + 75*s. List the prime factors of g(h).
61
Suppose -5*w = -3*u - 0*u - 45, 2*w - 49 = -5*u. Suppose -7 = -5*j + z, -3*j + 3*z - 8 + 5 = 0. Let x = w - j. List the prime factors of x.
2, 5
Let j(f) = 35*f**2 - 6*f - 51. What are the prime factors of j(6)?
3, 17, 23
Let j = 44 + -38. Suppose j*o - 1163 = 85. List the prime factors of o.
2, 13
Let m(v) = -v**3 + 8*v**2 - 5*v - 12. Let k be m(7). Suppose k*x - 3*o - 106 = -6*o, x + 4*o = 58. What are the prime factors of x?
2, 5
Suppose 0 = 3*u - 11*u + 24. Let m = u - -138. What are the prime factors of m?
3, 47
Let r = -2446 - -3819. What are the prime factors of r?
1373
Let c(y) = -3*y - 13. Let q be c(-6). Suppose 0*w = -q*w + 45. What are the prime factors of 6/(-27) - (-74)/w?
2
Suppose 3*c - 2*c + 1289 = 4*p, -5*p - 4*c + 1627 = 0. What are the prime factors of p?
17, 19
Let g = 1 + -20. Let s be (-7 + 1)*(-2)/4. Let v = s - g. What are the prime factors of v?
2, 11
Let b(l) = -l**2 + 96*l - 236. What are the prime factors of b(51)?
29, 71
Suppose -2*h + 3*h = -2*i - 6, 0 = -2*i + 3*h - 6. Let x be (i + 3)*(0 - 1). Suppose x = -0*w + 2*w - 18. List the prime factors of w.
3
Suppose -u = 23*p - 25*p + 81, -2*p = -4*u - 78. What are the prime factors of p?
41
Let d(a) = -6 + a**2 + 13 + 7 - a + 9*a. List the prime factors of d(-11).
47
Let f = 1708 + -1233. What are the prime factors of f?
5, 19
What are the prime factors of 1 + 28/(-16) + 11375/20?
2, 71
Let d(r) = -7*r**3 + 5*r**2 - 6*r - 1. What are the prime factors of d(-5)?
3, 7
Let l(m) = 11*m + 4*m**2 - 